?
2, 5, 13, 101
Let i(g) = 33*g + 9. Let k(b) = -31*b - 8. Let o(r) = -4*i(r) - 5*k(r). What are the prime factors of o(19)?
3, 7
Let u = -1798 - -4931. List the prime factors of u.
13, 241
Let m be 70/(-21)*(-84)/8. What are the prime factors of (-2 + 99/(-2))/(m/(-70))?
103
List the prime factors of ((-2)/(-5) + 23324/(-85))*-5.
2, 5, 137
What are the prime factors of (-6 - ((-7635)/9 - (-9)/27)) + -6?
2, 11, 19
Let r be 4*1 + (-15)/(-5). Let s(b) be the third derivative of -b**6/120 + 2*b**5/15 + 3*b**4/8 - 8*b**3/3 + 13*b**2. List the prime factors of s(r).
2, 3
List the prime factors of (-7 + 21893)*((-2)/(-5) + (-3)/(-30)).
31, 353
List the prime factors of 205668/14 - (-10*9/14 + 6).
3, 59, 83
Let d(o) = o**2 + 18*o - 60. Let x be d(-21). Suppose -q = -b + 348, x*q + 0*q - 1772 = -5*b. List the prime factors of b.
2, 11
Let s = -880 + 1300. Let k be (4 - 4) + -4 + s. Suppose 14*n - k = 10*n. List the prime factors of n.
2, 13
Suppose -129*m - 21*m + 38*m = -4260256. What are the prime factors of m?
2, 7, 11, 13, 19
Let i be (1 - 0/3)/(15/(-105)). Let d(y) = -26*y + 19. List the prime factors of d(i).
3, 67
List the prime factors of (-2)/20 - (-4487599)/590.
2, 3803
Suppose 17*w - w = 291*w - 1983850. What are the prime factors of w?
2, 3607
Let i = 584 + -1135. Let y = i + 927. What are the prime factors of y?
2, 47
Let y(s) = -s**3 + 7*s**2 + 11*s - 4. Let d be y(8). Suppose d = -2*q + 6*q, q + 55 = 2*h. Suppose 2*p - 146 - h = 0. What are the prime factors of p?
2, 11
What are the prime factors of 10481 - 65/((-55)/11)?
2, 3, 11, 53
Let t be 125/(-1) - (-56)/14. What are the prime factors of t*6/6*-3?
3, 11
What are the prime factors of 108 - 99 - (-2 - 13617)?
2, 3407
Let w(d) = -4*d - 7. Let q be w(-3). Suppose -q*k = 4*g - 2, -3*k - 3*g = -g - 2. Suppose k*j + 2 - 28 = 0. List the prime factors of j.
13
Suppose 381*a - 368*a - 210938 = 0. List the prime factors of a.
2, 7, 19, 61
Let k = -27471 + 47531. What are the prime factors of k?
2, 5, 17, 59
Suppose 2*s - 7*s = -3*z + 38, -2*z - 8 = 0. Let x(f) = 67*f - 19*f - 39*f + 7*f**2 - 17*f - 6*f**2 - 6. What are the prime factors of x(s)?
2, 3, 29
Let r = 56 + -52. Suppose -r*f - 4*s = -8, 5*f + 3*s = 3*f + 4. Suppose -f*w = 3*j - 346, -5*w = 6*j - 10*j + 492. List the prime factors of j.
2, 59
Suppose 6*p - 18*p = -62*p + 1626950. List the prime factors of p.
13, 2503
What are the prime factors of (65028/(-8))/((-1)/10*(-21 + 22))?
3, 5, 5419
Let d(v) = 48 - 2*v**2 + 38*v - 27*v + 35*v. What are the prime factors of d(21)?
2, 3, 11
Suppose -l + 4*a + 15052 = 0, -549*l + 2*a = -547*l - 30062. List the prime factors of l.
2, 3, 313
Suppose 3*f - 25728 = 14*t - 15*t, -4*f - 4*t + 34320 = 0. List the prime factors of f.
2, 3, 1429
Suppose -1430 = 2460*a - 2462*a. What are the prime factors of a?
5, 11, 13
Suppose 705*a - 88911 = 702*a + 5*n, 118538 = 4*a - 5*n. What are the prime factors of a?
13, 43, 53
Let b = 3584 + 2240. List the prime factors of b.
2, 7, 13
Suppose n - 834 = 2*d, -15*n + 16*n + 2*d - 802 = 0. What are the prime factors of n?
2, 409
Suppose 2*h + 7456 + 1056 = 4*i, -h + 6389 = 3*i. What are the prime factors of i?
2129
Let i(d) = -14*d - 14. Let o(k) = -k**3 - 8*k**2 - 8*k - 16. Let s be (-60)/6 - (1 + -4). Let h be o(s). What are the prime factors of i(h)?
2, 7
Let z be (168/9)/4*3. Let l = -12 + z. What are the prime factors of l/9 + (-34)/(-9)?
2
Let n = 53 + -53. Suppose 5*y + 142 - 767 = n. Suppose y + 151 = 2*b. List the prime factors of b.
2, 3, 23
Let s(c) = 1416*c**2 + 138*c + 581. What are the prime factors of s(-4)?
5, 13, 349
Let q be (-81)/((-76)/32 - -2). Let g = q + -5. List the prime factors of g.
211
Suppose 62*c - 466573 = 2333. List the prime factors of c.
3, 2521
Let n = 240 + -235. Suppose 4*y - 5*x = -0*y + 996, -x - 1224 = -n*y. List the prime factors of y.
2, 61
Let p(w) = 29*w + 117. Let i be p(-4). Let h(r) = 660*r**2 + 6*r - 6. List the prime factors of h(i).
2, 3, 5, 11
Let o(z) = -67*z**2 - 4*z - 11. Let v be o(-5). Let p be v/(-35) + -2 + 36/15. Suppose -4*t = 8*t - p. List the prime factors of t.
2
Let w(l) be the third derivative of l**7/840 + l**4 + 4*l**3 + 33*l**2. Let i(k) be the first derivative of w(k). List the prime factors of i(0).
2, 3
Let c(g) = -2*g**3 + 6*g + 7. Let x be c(-3). Suppose 4*y + x = -2*z - 3*z, z + 14 = y. Let o(a) = a**3 + 13*a**2 + 12*a - 10. List the prime factors of o(z).
2, 5
Suppose 0 = 18*k + 12*k - 693750. Suppose -k = -46*g + 21*g. What are the prime factors of g?
5, 37
Suppose 88*v - 86*v - 119510 = q, 0 = 3*v - 11*q - 179227. List the prime factors of v.
3, 19919
Suppose 4*c = 8*c - 7232. Suppose c = 5*z - i, -2*z - 2*i - 1811 = -7*z. List the prime factors of z.
19
Let z be 613 - (2 + 12/(-4)). Suppose -t - 3*a + z = 0, t + 2*a = -2*t + 1877. What are the prime factors of t?
17, 37
Let w = 218 - 216. Suppose w*z - 2*l - 484 = 0, -2*l = -4*z - 4*l + 962. What are the prime factors of z?
241
What are the prime factors of -3*147140/42*-1?
2, 5, 1051
Suppose -2*l = -17*l + 6300. Suppose 4*c - 149 = 3*h + 400, -l = -3*c + 5*h. What are the prime factors of c?
3, 5
Suppose 5*z = -45 + 60. Suppose a = 5*b + 3, z*a + 5*b = 6*a - 9. What are the prime factors of a?
3
Let c(g) = -5*g**2 + 30*g - 6. Let f be c(6). What are the prime factors of f/(((-315)/(-10))/(-7))*78?
2, 13
Let h = 1011 + -192. Let w = h + -703. What are the prime factors of w?
2, 29
Let m(x) = 3*x - 27. Let z be m(10). Suppose 5*k = 3*q - 8, 4*q + k - 32 = -z*k. Suppose 0*u + q*u - 162 = 0. What are the prime factors of u?
3
List the prime factors of ((-2)/(-8)*(-1067 + 46))/(4/(-1072)).
67, 1021
Let b = 366 + -90. Let m = -165 + b. What are the prime factors of m?
3, 37
Let k = -77 - -107. Let s = k + 77. What are the prime factors of s?
107
Let k be ((-10)/20)/(2/536). Let t be (-2 - -6)/1 - k. Let r = t - 63. List the prime factors of r.
3, 5
Let z be 23*(-222)/(-24)*4. Let n = z + -471. List the prime factors of n.
2, 5, 19
Let y(s) be the third derivative of s**5/60 + s**4/8 + s**3/6 - s**2 + 23*s. List the prime factors of y(11).
5, 31
Let f be 2/3*(70/7 + 17). Suppose 2915 = f*t - 1009. List the prime factors of t.
2, 109
Let k = -1798 + 9873. List the prime factors of k.
5, 17, 19
Suppose -4*u + c = 156, 2*c - 23 = -2*u - 91. Let k = u - -24. Let q = k + 33. What are the prime factors of q?
19
Suppose -1627 - 233 = -2*i. List the prime factors of (-11)/((-55)/i) + -1.
5, 37
Let q(g) = 203*g - 536. What are the prime factors of q(17)?
5, 11, 53
Let c(k) = 3679*k - 234. List the prime factors of c(1).
5, 13, 53
Let q = 21 - 21. Let u be -1*1/(-3) - (-7302)/18. Suppose q*g = 4*v + 5*g - 541, -4*g = 3*v - u. What are the prime factors of v?
2, 67
List the prime factors of 5 - ((-30324)/48 - 6)*4.
2, 3, 71
Suppose -213*q = 4*j - 209*q - 28592, -4*q = -2*j + 14260. What are the prime factors of j?
2, 3571
Let u be (-1 - -3 - -7)/((-18)/(-12)). Suppose -u*c + 4*w = -4*c + 24, 3*c + 48 = 3*w. List the prime factors of (-138)/(-33) - c/(-110).
2
Let x(c) be the third derivative of c**6/120 - 9*c**5/20 - 7*c**4/8 - c**3/6 + 126*c**2. What are the prime factors of x(29)?
2, 67
Suppose -5*g = -0*t - 4*t, -15 = 3*t. List the prime factors of ((-140)/105)/(g/738).
2, 3, 41
Suppose -6*r = -r - 20. Suppose 4*l + 2*u = 16, -u + 10 = 4*l - r. List the prime factors of (-2 - -34) + (3 + l)/2.
5, 7
Suppose -204*g + 11946249 = 59*g. What are the prime factors of g?
3, 7, 103
Suppose 3*o + 23 = 2*y - 5, y - 14 = -3*o. Suppose 0*m + 11060 = y*m. List the prime factors of m.
2, 5, 79
Suppose -36 + 92 = 2*f. Let y(g) = -g**3 + 26*g**2 + 70*g - 62. List the prime factors of y(f).
2, 3, 5, 11
Let t be (-2)/5 - 8/(-40)*1722. Let j = -77 + t. What are the prime factors of j?
3, 89
Let g(m) = -m**3 - 45*m**2 - 88*m - 78. Let b be g(-43). Suppose 0 = b*f - 40*f + 10240. What are the prime factors of f?
2, 5
Suppose q - 3101 = 2*x - 27756, -2*q - 12329 = -x. What are the prime factors of x?
3, 7, 587
Let d(f) = -33*f + 70. Let o(a) = a**2 - 6*a - 31. Let m be o(9). List the prime factors of d(m).
2, 101
Let o = 48 + -37. Suppose -o*h = -16*h + 80. Let p = 23 - h. List the prime factors of p.
7
Let k(g) = g**2 + 62*g - 1008. What are the prime factors of k(